{"id":3293,"date":"2016-11-04T10:11:22","date_gmt":"2016-11-04T10:11:22","guid":{"rendered":"http:\/\/shinystuff.nl\/index.php\/product\/avocado-oorbellen\/"},"modified":"2023-01-03T09:03:09","modified_gmt":"2023-01-03T09:03:09","slug":"avocado-oorbellen","status":"publish","type":"product","link":"https:\/\/shinystuff.nl\/index.php\/product\/avocado-oorbellen\/","title":{"rendered":"Avocado rond oorbellen"},"content":{"rendered":"<p>Alle oorhangers van ShinyStuff hebben nikkelvrije haakjes en worden geleverd met een paar rubberen achterkantjes die extra duurzaam en hypoallergeen zijn. Je kan <strong><a href=\"https:\/\/shinystuff.nl\/index.php\/product\/rubberen-oorbel-stoppers\/\">hier<\/a><\/strong> ook een aantal extra stoppers bestellen om er zeker van te zijn dat je nooit een oorbel kwijtraakt.<\/p>\n<p>Alle sieraden van ShinyStuff worden met veel liefde handgemaakt van polymeerklei en zijn stevig, waterdicht en licht om te dragen. Ze zijn zeer geschikt voor zowel volwassenen als kinderen, omdat ze lekker kleurrijk en duurzaam zijn.<\/p>\n","protected":false},"excerpt":{"rendered":"<p>Schattige, groene oorbellen in de vorm van 2 halve avocado&#8217;s, \u00e9\u00e9n met pitje en \u00e9\u00e9n zonder. De avocado&#8217;s zijn ongeveer 1.5 cm groot.<\/p>\n","protected":false},"featured_media":8508,"comment_status":"open","ping_status":"closed","template":"","meta":[],"product_cat":[8,9],"product_tag":[939,805,942,943,796,795,56,55,941,307,802,60,61,804],"_links":{"self":[{"href":"https:\/\/shinystuff.nl\/index.php\/wp-json\/wp\/v2\/product\/3293"}],"collection":[{"href":"https:\/\/shinystuff.nl\/index.php\/wp-json\/wp\/v2\/product"}],"about":[{"href":"https:\/\/shinystuff.nl\/index.php\/wp-json\/wp\/v2\/types\/product"}],"replies":[{"embeddable":true,"href":"https:\/\/shinystuff.nl\/index.php\/wp-json\/wp\/v2\/comments?post=3293"}],"wp:featuredmedia":[{"embeddable":true,"href":"https:\/\/shinystuff.nl\/index.php\/wp-json\/wp\/v2\/media\/8508"}],"wp:attachment":[{"href":"https:\/\/shinystuff.nl\/index.php\/wp-json\/wp\/v2\/media?parent=3293"}],"wp:term":[{"taxonomy":"product_cat","embeddable":true,"href":"https:\/\/shinystuff.nl\/index.php\/wp-json\/wp\/v2\/product_cat?post=3293"},{"taxonomy":"product_tag","embeddable":true,"href":"https:\/\/shinystuff.nl\/index.php\/wp-json\/wp\/v2\/product_tag?post=3293"}],"curies":[{"name":"wp","href":"https:\/\/api.w.org\/{rel}","templated":true}]}}